{"id":3021,"date":"2022-01-05T23:41:25","date_gmt":"2022-01-05T22:41:25","guid":{"rendered":"https:\/\/www.onuperu.org\/?page_id=3021"},"modified":"2024-01-08T21:48:20","modified_gmt":"2024-01-08T20:48:20","slug":"nuestra-historia","status":"publish","type":"page","link":"https:\/\/www.chuquihuara.com\/gva\/?page_id=3021","title":{"rendered":"Nuestra Historia"},"content":{"rendered":"<h3><strong>El Per\u00fa y los Organismos Internacionales con sede en Ginebra<\/strong><\/h3>\n<h4 style=\"text-align: justify;\">El rol internacional de Ginebra<\/h4>\n<p style=\"text-align: justify;\">Ginebra alberga m\u00e1s de 20 organismos internacionales del sistema de Naciones Unidas y organismos aut\u00f3nomos, entre ellos, la Organizaci\u00f3n Internacional del Trabajo (OIT), la Organizaci\u00f3n Mundial de la Salud (OMS), el Consejo de los Derechos Humanos, la Conferencia de Desarme, la Conferencia de las Naciones Unidas sobre el Comercio y e Desarrollo (UNCTAD), la Organizaci\u00f3n Mundial del Comercio (OMC), el Centro de Comercio Internacional (CCI), la Organizaci\u00f3n Mundial para la Propiedad Intelectual (OMPI), la Uni\u00f3n para la Protecci\u00f3n de Obtenciones Vegetales (UPOV), la Uni\u00f3n Internacional de las Telecomunicaciones (UIT), la Organizaci\u00f3n Internacional para las Migraciones (OMI), el Alto Comisariado de las Naciones Unidas para los Refugiados (ACNUR), la Organizaci\u00f3n Metereol\u00f3gica Mundial (OMM), el Fondo de las Naciones Unidas para la Infancia (UNICEF), el Fondo Mundial de lucha contra el SIDA, la Tuberculosis y la Malaria y el Comit\u00e9 Internacional de la Cruz Roja (CICR).<\/p>\n<p style=\"text-align: justify;\">Igualmente, Ginebra es sede de m\u00e1s de un centenar de federaciones, redes y Organizaciones no Gubernamentales, especializados en diversos temas y sectores.<\/p>\n<h4 style=\"text-align: justify;\">La Representaci\u00f3n del Per\u00fa y los organismos internacionales con sede en Ginebra<\/h4>\n<p style=\"text-align: justify;\">La Representaci\u00f3n Permanente del Per\u00fa ante los Organismos Internacionales con sede en Ginebra representa los intereses del Estado peruano en dichas organizaciones y participa activamente en las conferencias y eventos que se realizan en sus sedes. Destacan en los \u00faltimos a\u00f1os la consolidaci\u00f3n y refuerzo de la imagen del Per\u00fa como un pa\u00eds democr\u00e1tico, pacifista, con una posici\u00f3n principista, coherente y equilibrada en materia de derechos humanos y de defensa del sistema multilateral de comercio para un crecimiento y desarrollo con inclusi\u00f3n social.\u00a0El primer Representante Permanente del Per\u00fa fue designado mediante Resoluci\u00f3n Suprema N\u00b0 520 del 22 de noviembre de 1955.<\/p>\n<p>&nbsp;<\/p>\n","protected":false},"excerpt":{"rendered":"<p>El Per\u00fa y los Organismos Internacionales con sede en Ginebra El rol internacional de Ginebra Ginebra alberga m\u00e1s de 20 organismos internacionales del sistema de Naciones Unidas y organismos aut\u00f3nomos,<span class=\"excerpt-hellip\"> [\u2026]<\/span><\/p>\n","protected":false},"author":1,"featured_media":2049,"parent":1839,"menu_order":0,"comment_status":"closed","ping_status":"closed","template":"","meta":{"rs_blank_template":"","rs_page_bg_color":"","slide_template_v7":"","inline_featured_image":false,"footnotes":""},"class_list":["post-3021","page","type-page","status-publish","has-post-thumbnail","hentry"],"_links":{"self":[{"href":"https:\/\/www.chuquihuara.com\/gva\/index.php?rest_route=\/wp\/v2\/pages\/3021","targetHints":{"allow":["GET"]}}],"collection":[{"href":"https:\/\/www.chuquihuara.com\/gva\/index.php?rest_route=\/wp\/v2\/pages"}],"about":[{"href":"https:\/\/www.chuquihuara.com\/gva\/index.php?rest_route=\/wp\/v2\/types\/page"}],"author":[{"embeddable":true,"href":"https:\/\/www.chuquihuara.com\/gva\/index.php?rest_route=\/wp\/v2\/users\/1"}],"replies":[{"embeddable":true,"href":"https:\/\/www.chuquihuara.com\/gva\/index.php?rest_route=%2Fwp%2Fv2%2Fcomments&post=3021"}],"version-history":[{"count":0,"href":"https:\/\/www.chuquihuara.com\/gva\/index.php?rest_route=\/wp\/v2\/pages\/3021\/revisions"}],"up":[{"embeddable":true,"href":"https:\/\/www.chuquihuara.com\/gva\/index.php?rest_route=\/wp\/v2\/pages\/1839"}],"wp:featuredmedia":[{"embeddable":true,"href":"https:\/\/www.chuquihuara.com\/gva\/index.php?rest_route=\/wp\/v2\/media\/2049"}],"wp:attachment":[{"href":"https:\/\/www.chuquihuara.com\/gva\/index.php?rest_route=%2Fwp%2Fv2%2Fmedia&parent=3021"}],"curies":[{"name":"wp","href":"https:\/\/api.w.org\/{rel}","templated":true}]}}