{"id":2166,"date":"2021-10-22T16:31:26","date_gmt":"2021-10-22T14:31:26","guid":{"rendered":"https:\/\/www.onuperu.org\/?page_id=2166"},"modified":"2024-01-08T22:20:26","modified_gmt":"2024-01-08T21:20:26","slug":"propiedad-intelectual","status":"publish","type":"page","link":"https:\/\/www.chuquihuara.com\/gva\/?page_id=2166","title":{"rendered":"Propiedad Intelectual"},"content":{"rendered":"<h3 style=\"text-align: justify;\"><strong>Organizaci\u00f3n Mundial de la Propiedad Intelectual (OMPI)<\/strong><\/h3>\n<p style=\"text-align: justify;\">La Organizaci\u00f3n Mundial de la Propiedad Intelectual (OMPI), se estableci\u00f3 en el a\u00f1o 1967. Es un organismo especializado del sistema de las Naciones Unidas, que tiene como Mandato fomentar entre sus 188 Estados Miembros la protecci\u00f3n de la propiedad intelectual en todo el mundo mediante la cooperaci\u00f3n. Su objetivo es desarrollar un sistema de propiedad intelectual internacional, que sea equilibrado y accesible y recompense la creatividad, estimule la innovaci\u00f3n y contribuya al desarrollo econ\u00f3mico, salvaguardando a la vez el inter\u00e9s p\u00fablico.<\/p>\n<p style=\"text-align: justify;\">La OMPI cuenta con 4 Comit\u00e9s Permanentes: Comit\u00e9 Permanente sobre el Derecho de Patentes (SCP); Comit\u00e9 Permanente sobre el Derecho de Marcas, Dise\u00f1os Industriales e Indicaciones Geogr\u00e1ficas (SCT); Comit\u00e9 Permanente de Derecho de Autor y Derechos Conexos (SCCR); y el Comit\u00e9 de Normas T\u00e9cnicas de la OMPI (CWS). Asimismo, cuenta con 4 Comit\u00e9s de Expertos: Comit\u00e9 del Programa y Presupuesto; Comit\u00e9 de Desarrollo y Propiedad Intelectual (CDIP); Comit\u00e9 Intergubernamental sobre Propiedad Intelectual y Recursos Gen\u00e9ticos, Conocimientos Tradicionales y Folclore (CIG); Comit\u00e9 Asesor sobre Observancia (ACE) y el Grupo de Trabajo sobre el Desarrollo del Sistema de Lisboa.<\/p>\n<h3 style=\"text-align: justify;\"><strong>El Per\u00fa y la Propiedad Intelectual<\/strong><\/h3>\n<p style=\"text-align: justify;\">El Per\u00fa participa activamente en las actividades y deliberaciones que tienen lugar en el seno de la Organizaci\u00f3n Mundial de la Propiedad Intelectual, por la importancia que tiene dicho sistema como herramienta fundamental para el desarrollo econ\u00f3mico, social y cultural de los pa\u00edses. En este marco, es de vital importancia para el Per\u00fa participar en las deliberaciones en el seno del Comit\u00e9 Intergubernamental sobre Propiedad Intelectual, Recursos Gen\u00e9ticos y Conocimientos Tradicionales y Folclore (CIG) orientadas a la elaboraci\u00f3n de un acuerdo internacional que permita la protecci\u00f3n efectiva de los conocimientos tradicionales, las expresiones culturales tradicionales y los recursos gen\u00e9ticos, teniendo en cuenta la riqueza biol\u00f3gica de gran magnitud y diversidad de nuestro pa\u00eds.<\/p>\n<p>&nbsp;<\/p>\n","protected":false},"excerpt":{"rendered":"<p>Organizaci\u00f3n Mundial de la Propiedad Intelectual (OMPI) La Organizaci\u00f3n Mundial de la Propiedad Intelectual (OMPI), se estableci\u00f3 en el a\u00f1o 1967. Es un organismo especializado del sistema de las Naciones<span class=\"excerpt-hellip\"> [\u2026]<\/span><\/p>\n","protected":false},"author":1,"featured_media":2684,"parent":2191,"menu_order":0,"comment_status":"closed","ping_status":"closed","template":"","meta":{"rs_blank_template":"","rs_page_bg_color":"#000000","slide_template_v7":"","inline_featured_image":false,"footnotes":""},"class_list":["post-2166","page","type-page","status-publish","has-post-thumbnail","hentry"],"_links":{"self":[{"href":"https:\/\/www.chuquihuara.com\/gva\/index.php?rest_route=\/wp\/v2\/pages\/2166","targetHints":{"allow":["GET"]}}],"collection":[{"href":"https:\/\/www.chuquihuara.com\/gva\/index.php?rest_route=\/wp\/v2\/pages"}],"about":[{"href":"https:\/\/www.chuquihuara.com\/gva\/index.php?rest_route=\/wp\/v2\/types\/page"}],"author":[{"embeddable":true,"href":"https:\/\/www.chuquihuara.com\/gva\/index.php?rest_route=\/wp\/v2\/users\/1"}],"replies":[{"embeddable":true,"href":"https:\/\/www.chuquihuara.com\/gva\/index.php?rest_route=%2Fwp%2Fv2%2Fcomments&post=2166"}],"version-history":[{"count":0,"href":"https:\/\/www.chuquihuara.com\/gva\/index.php?rest_route=\/wp\/v2\/pages\/2166\/revisions"}],"up":[{"embeddable":true,"href":"https:\/\/www.chuquihuara.com\/gva\/index.php?rest_route=\/wp\/v2\/pages\/2191"}],"wp:featuredmedia":[{"embeddable":true,"href":"https:\/\/www.chuquihuara.com\/gva\/index.php?rest_route=\/wp\/v2\/media\/2684"}],"wp:attachment":[{"href":"https:\/\/www.chuquihuara.com\/gva\/index.php?rest_route=%2Fwp%2Fv2%2Fmedia&parent=2166"}],"curies":[{"name":"wp","href":"https:\/\/api.w.org\/{rel}","templated":true}]}}