{"id":2142,"date":"2021-10-22T11:36:58","date_gmt":"2021-10-22T09:36:58","guid":{"rendered":"https:\/\/www.onuperu.org\/?page_id=2142"},"modified":"2024-01-08T22:14:01","modified_gmt":"2024-01-08T21:14:01","slug":"migraciones","status":"publish","type":"page","link":"https:\/\/www.chuquihuara.com\/gva\/?page_id=2142","title":{"rendered":"Migraciones"},"content":{"rendered":"<h3 style=\"text-align: justify;\"><strong>Organizaci\u00f3n Internacional para las Migraciones (OIM)<\/strong><\/h3>\n<p style=\"text-align: justify;\">Fundada en 1951, la OIM tiene como misi\u00f3n la promoci\u00f3n del principio de que la migraci\u00f3n en forma ordenada y en condiciones humanas beneficia a los migrantes y a la sociedad. Sus objetivos son: ayudar a encarar los crecientes desaf\u00edos que plantea la gesti\u00f3n de la migraci\u00f3n a nivel operativo; fomentar la comprensi\u00f3n de las cuestiones migratorias; alentar el desarrollo social y econ\u00f3mico a trav\u00e9s de la migraci\u00f3n; y, velar por el respeto de la dignidad humana y el bienestar de los migrantes. El Director General es el se\u00f1or Antonio Vitorino, de nacionalidad portuguesa, quien ocupa el cargo desde el 1\u00b0 de octubre de 2018.<\/p>\n<p style=\"text-align: justify;\">Uno de los objetivos de la pol\u00edtica exterior peruana es preservar y fortalecer el multilateralismo en las relaciones internacionales, y desarrollar y consolidar una pol\u00edtica de prestigio del Per\u00fa a nivel internacional mediante la participaci\u00f3n y coherente en el sistema de las Naciones Unidas. La OIM est\u00e1 relacionada al sistema de Naciones Unidas desde la firma del Acuerdo de Asociaci\u00f3n, en septiembre de 2016, y es la principal organizaci\u00f3n en materia de migraci\u00f3n, tem\u00e1tica de alta prioridad nacional por la gran dimensi\u00f3n de la comunidad peruana en el exterior.<\/p>\n<p style=\"text-align: justify;\">Adicionalmente, es de inter\u00e9s profundizar la pol\u00edtica de protecci\u00f3n y atenci\u00f3n a las comunidades en el exterior, fomentando el desarrollo de sus v\u00ednculos nacionales y culturales con el Per\u00fa, as\u00ed como su contribuci\u00f3n al desarrollo nacional; facilitar su inserci\u00f3n en el medio en las que est\u00e1n ubicadas; y, cautelar sus derechos.<\/p>\n<p style=\"text-align: justify;\">Desde la representaci\u00f3n permanente, en particular, se promueve \u2013junto a otros pa\u00edses con preocupaciones similares\u2013 el pleno respeto de los Derechos Humanos de los migrantes, independientemente de su situaci\u00f3n migratoria; la facilitaci\u00f3n de flujos ordenados; el intercambio de experiencias beneficiosas; la lucha contra la trata y el tr\u00e1fico; el apoyo a la gesti\u00f3n de proyectos; entre otras.<\/p>\n<h3><strong>El Per\u00fa y las Migraciones<\/strong><\/h3>\n<p style=\"text-align: justify;\">Respecto a los migrantes, en el marco de la OIM, el Peru promueve el pleno respeto de los derechos de los migrantes, la facilitaci\u00f3n de flujos ordenados, el intercambio de experiencias beneficiosas, la lucha contra la trata y el tr\u00e1fico y a mejorar la cooperaci\u00f3n transfronteriza y a propiciar alianzas. Asimismo, promueve la integraci\u00f3n de los migrantes en las comunidades de acogida, otorg\u00e1ndoles los mismos derechos y oportunidades que la poblaci\u00f3n local. El Per\u00fa es parte del Pacto Mundial para la Migraci\u00f3n Segura, Ordenada y Regular.<\/p>\n<p>&nbsp;<\/p>\n","protected":false},"excerpt":{"rendered":"<p>Organizaci\u00f3n Internacional para las Migraciones (OIM) Fundada en 1951, la OIM tiene como misi\u00f3n la promoci\u00f3n del principio de que la migraci\u00f3n en forma ordenada y en condiciones humanas beneficia<span class=\"excerpt-hellip\"> [\u2026]<\/span><\/p>\n","protected":false},"author":1,"featured_media":2271,"parent":2191,"menu_order":0,"comment_status":"closed","ping_status":"closed","template":"","meta":{"rs_blank_template":"","rs_page_bg_color":"","slide_template_v7":"","inline_featured_image":false,"footnotes":""},"class_list":["post-2142","page","type-page","status-publish","has-post-thumbnail","hentry"],"_links":{"self":[{"href":"https:\/\/www.chuquihuara.com\/gva\/index.php?rest_route=\/wp\/v2\/pages\/2142","targetHints":{"allow":["GET"]}}],"collection":[{"href":"https:\/\/www.chuquihuara.com\/gva\/index.php?rest_route=\/wp\/v2\/pages"}],"about":[{"href":"https:\/\/www.chuquihuara.com\/gva\/index.php?rest_route=\/wp\/v2\/types\/page"}],"author":[{"embeddable":true,"href":"https:\/\/www.chuquihuara.com\/gva\/index.php?rest_route=\/wp\/v2\/users\/1"}],"replies":[{"embeddable":true,"href":"https:\/\/www.chuquihuara.com\/gva\/index.php?rest_route=%2Fwp%2Fv2%2Fcomments&post=2142"}],"version-history":[{"count":0,"href":"https:\/\/www.chuquihuara.com\/gva\/index.php?rest_route=\/wp\/v2\/pages\/2142\/revisions"}],"up":[{"embeddable":true,"href":"https:\/\/www.chuquihuara.com\/gva\/index.php?rest_route=\/wp\/v2\/pages\/2191"}],"wp:featuredmedia":[{"embeddable":true,"href":"https:\/\/www.chuquihuara.com\/gva\/index.php?rest_route=\/wp\/v2\/media\/2271"}],"wp:attachment":[{"href":"https:\/\/www.chuquihuara.com\/gva\/index.php?rest_route=%2Fwp%2Fv2%2Fmedia&parent=2142"}],"curies":[{"name":"wp","href":"https:\/\/api.w.org\/{rel}","templated":true}]}}