{"id":2134,"date":"2021-10-22T11:30:54","date_gmt":"2021-10-22T09:30:54","guid":{"rendered":"https:\/\/www.onuperu.org\/?page_id=2134"},"modified":"2024-01-08T22:16:30","modified_gmt":"2024-01-08T21:16:30","slug":"desarme","status":"publish","type":"page","link":"https:\/\/www.chuquihuara.com\/gva\/?page_id=2134","title":{"rendered":"Desarme"},"content":{"rendered":"<h3 style=\"text-align: justify;\"><strong>Conferencia de Desarme (CD)<\/strong><\/h3>\n<p style=\"text-align: justify;\">La Conferencia de Desarme es el \u00fanico foro de negociaci\u00f3n multilateral sobre cuestiones de desarme y control de armas. Establecida en 1979 como resultado de la Primera Sesi\u00f3n Especial de la Asamblea General dedicada al Desarme (SSOD-I), la CD cuenta con 65 Estados Miembros que se re\u00fanen cada a\u00f1o en tres sesiones (enero a marzo, mayo a junio, y agosto a septiembre). El Per\u00fa es Estado Miembro de la CD desde 1978 y pertenece al Grupo de los 21 (G-21). Las decisiones en la CD se toman con base a la regla del consenso.<\/p>\n<p style=\"text-align: justify;\">La CD, y los foros de negociaci\u00f3n que la antecedieron, ha negociado exitosamente instrumentos jur\u00eddicamente vinculantes como el Tratado sobre la No Proliferaci\u00f3n de Armas Nucleares (1968), la Convenci\u00f3n sobre la Prohibici\u00f3n de Armas Biol\u00f3gicas (1972), la Convenci\u00f3n sobre la Prohibici\u00f3n de Armas Qu\u00edmicas (1993), y el Tratado sobre la Prohibici\u00f3n Completa de Ensayos Nucleares (1996).<\/p>\n<h3 style=\"text-align: justify;\"><strong>Convenciones de Desarme<\/strong><\/h3>\n<p style=\"text-align: justify;\">En Ginebra sesionan tambi\u00e9n reg\u00edmenes internacionales en materia de desarme, a los que el Per\u00fa realiza seguimiento en su calidad de Estado Parte:<\/p>\n<ul style=\"text-align: justify;\">\n<li>Convenci\u00f3n sobre Ciertas Armas Convencionales (CCW)<\/li>\n<li>Convenci\u00f3n sobre Municiones en Racimo (CCM)<\/li>\n<li>Convenci\u00f3n sobre la Prohibici\u00f3n de las Minas Antipersonal (APMBC)<\/li>\n<li>Convenci\u00f3n sobre las Armas Biol\u00f3gicas (BWC)<\/li>\n<li>Tratado sobre el Comercio de Armas (ATT)<strong>\u00a0<\/strong><\/li>\n<\/ul>\n<h3 style=\"text-align: justify;\"><strong>El Per\u00fa y el Desarme<\/strong><\/h3>\n<p style=\"text-align: justify;\">El Per\u00fa es un pa\u00eds amante de la paz y seguridad internacionales. Est\u00e1 firmemente comprometido con los esfuerzos globales para el desarme, la no proliferaci\u00f3n, el control de armas, y promueve el uso pac\u00edfico de la energ\u00eda nuclear, los agentes biol\u00f3gicos y las sustancias qu\u00edmicas. Es parte de todos los foros y reg\u00edmenes internacionales sobre la materia, y apoya su implementaci\u00f3n y universalizaci\u00f3n.<\/p>\n<p style=\"text-align: justify;\"><strong><em>\u00a0<\/em><\/strong><\/p>\n<p style=\"text-align: justify;\"><strong><em>\u00a0<\/em><\/strong><\/p>\n","protected":false},"excerpt":{"rendered":"<p>Conferencia de Desarme (CD) La Conferencia de Desarme es el \u00fanico foro de negociaci\u00f3n multilateral sobre cuestiones de desarme y control de armas. Establecida en 1979 como resultado de la<span class=\"excerpt-hellip\"> [\u2026]<\/span><\/p>\n","protected":false},"author":1,"featured_media":2273,"parent":2191,"menu_order":0,"comment_status":"closed","ping_status":"closed","template":"","meta":{"rs_blank_template":"","rs_page_bg_color":"","slide_template_v7":"","inline_featured_image":false,"footnotes":""},"class_list":["post-2134","page","type-page","status-publish","has-post-thumbnail","hentry"],"_links":{"self":[{"href":"https:\/\/www.chuquihuara.com\/gva\/index.php?rest_route=\/wp\/v2\/pages\/2134","targetHints":{"allow":["GET"]}}],"collection":[{"href":"https:\/\/www.chuquihuara.com\/gva\/index.php?rest_route=\/wp\/v2\/pages"}],"about":[{"href":"https:\/\/www.chuquihuara.com\/gva\/index.php?rest_route=\/wp\/v2\/types\/page"}],"author":[{"embeddable":true,"href":"https:\/\/www.chuquihuara.com\/gva\/index.php?rest_route=\/wp\/v2\/users\/1"}],"replies":[{"embeddable":true,"href":"https:\/\/www.chuquihuara.com\/gva\/index.php?rest_route=%2Fwp%2Fv2%2Fcomments&post=2134"}],"version-history":[{"count":0,"href":"https:\/\/www.chuquihuara.com\/gva\/index.php?rest_route=\/wp\/v2\/pages\/2134\/revisions"}],"up":[{"embeddable":true,"href":"https:\/\/www.chuquihuara.com\/gva\/index.php?rest_route=\/wp\/v2\/pages\/2191"}],"wp:featuredmedia":[{"embeddable":true,"href":"https:\/\/www.chuquihuara.com\/gva\/index.php?rest_route=\/wp\/v2\/media\/2273"}],"wp:attachment":[{"href":"https:\/\/www.chuquihuara.com\/gva\/index.php?rest_route=%2Fwp%2Fv2%2Fmedia&parent=2134"}],"curies":[{"name":"wp","href":"https:\/\/api.w.org\/{rel}","templated":true}]}}