{"id":2132,"date":"2021-10-22T11:28:23","date_gmt":"2021-10-22T09:28:23","guid":{"rendered":"https:\/\/www.onuperu.org\/?page_id=2132"},"modified":"2024-01-08T21:56:12","modified_gmt":"2024-01-08T20:56:12","slug":"derechos-humanos","status":"publish","type":"page","link":"https:\/\/www.chuquihuara.com\/gva\/?page_id=2132","title":{"rendered":"Derechos humanos"},"content":{"rendered":"<h3 style=\"text-align: justify;\"><strong>Oficina de la Alta Comisionada de las Naciones Unidas para los Derechos Humanos<\/strong><\/h3>\n<p style=\"text-align: justify;\">La Oficina del Alto Comisionado de las Naciones Unidas para los Derechos Humanos es la principal entidad de las Naciones Unidas en derechos humanos.\u00a0 El Alto Comisionado y su Oficina desempe\u00f1an una funci\u00f3n singular para: promover y proteger el disfrute efectivo de todos los derechos civiles y pol\u00edticos,\u00a0 y econ\u00f3micos, sociales y culturales; desempe\u00f1ar un papel activo en la tarea de eliminar los actuales obst\u00e1culos y hacer frente a los desaf\u00edos para la plena realizaci\u00f3n de todos los derechos humanos, y prevenir la persistencia de violaciones de estos derechos en todo el mundo; y, entablar un di\u00e1logo con todos los gobiernos en ejercicio de su mandato con miras a asegurar el respeto de todos los derechos humanos.<\/p>\n<h3 style=\"text-align: justify;\"><strong>\u00d3rganos de tratados<\/strong><\/h3>\n<p style=\"text-align: justify;\">La Oficina del Alto Comisionado tambi\u00e9n brinda apoyo a los \u00f3rganos de tratados, que son entidades colegiadas creadas en virtud de las disposiciones de un tratado de alcance universal sobre Derechos Humanos. Los \u00f3rganos de tratados son 10: el Comit\u00e9 de Derechos Humanos, el Comit\u00e9 de Derechos Econ\u00f3micos, Sociales y Culturales, el Comit\u00e9 contra la Discriminaci\u00f3n Racial, el Comit\u00e9 contra la Discriminaci\u00f3n de la Mujer, el Comit\u00e9 contra la Tortura, el Sub-Comit\u00e9 para la Prevenci\u00f3n de la Tortura, el Comit\u00e9 sobre los Derechos del Ni\u00f1o, el Comit\u00e9 sobre Trabajadores Migrantes, el Comit\u00e9 sobre los Derechos de las Personas con Discapacidad y el Comit\u00e9 contra las Desapariciones Forzadas.<\/p>\n<h3 style=\"text-align: justify;\"><strong>Consejo de Derechos Humanos<\/strong><\/h3>\n<p style=\"text-align: justify;\">El Consejo de Derechos Humanos es un organismo intergubernamental de las Naciones Unidas encargado de fortalecer la promoci\u00f3n y protecci\u00f3n de los derechos humanos en todo el mundo y para hacer frente a situaciones de violaciones de los derechos humanos y formular recomendaciones sobre ellos. Tiene la capacidad de discutir todas cuestiones tem\u00e1ticas relativas a los derechos humanos y situaciones que requieren su atenci\u00f3n durante todo el a\u00f1o. Se re\u00fane en tres periodos de sesiones ordinarios anuales en la Oficina de las Naciones Unidas en Ginebra. Y est\u00e1 compuesto por cuarenta y siete miembros, elegidos por per\u00edodos de tres a\u00f1os. Su composici\u00f3n est\u00e1 basada en una distribuci\u00f3n geogr\u00e1fica equitativa.<\/p>\n<h3 style=\"text-align: justify;\"><strong>El Per\u00fa y los Derechos Humanos<\/strong><\/h3>\n<p style=\"text-align: justify;\">El Per\u00fa mantiene su firme compromiso con el sistema universal de promoci\u00f3n y protecci\u00f3n de derechos humanos y su pleno respaldo al multilateralismo, la Representaci\u00f3n Permanente del Per\u00fa\u00a0ante los Organismos Internacionales con sede en Ginebra cubre la Oficina del Alto Comisionado de las Naciones Unidas para los Derechos Humanos (OACNUDH), el Consejo de Derechos Humanos y sus mecanismos,\u00a0as\u00ed como los \u00f3rganos de tratados creados en virtud de los tratados internacionales de derechos humanos.<\/p>\n<p style=\"text-align: justify;\">\n","protected":false},"excerpt":{"rendered":"<p>Oficina de la Alta Comisionada de las Naciones Unidas para los Derechos Humanos La Oficina del Alto Comisionado de las Naciones Unidas para los Derechos Humanos es la principal entidad<span class=\"excerpt-hellip\"> [\u2026]<\/span><\/p>\n","protected":false},"author":1,"featured_media":2315,"parent":2191,"menu_order":0,"comment_status":"closed","ping_status":"open","template":"","meta":{"rs_blank_template":"","rs_page_bg_color":"","slide_template_v7":"","inline_featured_image":false,"footnotes":""},"class_list":["post-2132","page","type-page","status-publish","has-post-thumbnail","hentry"],"_links":{"self":[{"href":"https:\/\/www.chuquihuara.com\/gva\/index.php?rest_route=\/wp\/v2\/pages\/2132","targetHints":{"allow":["GET"]}}],"collection":[{"href":"https:\/\/www.chuquihuara.com\/gva\/index.php?rest_route=\/wp\/v2\/pages"}],"about":[{"href":"https:\/\/www.chuquihuara.com\/gva\/index.php?rest_route=\/wp\/v2\/types\/page"}],"author":[{"embeddable":true,"href":"https:\/\/www.chuquihuara.com\/gva\/index.php?rest_route=\/wp\/v2\/users\/1"}],"replies":[{"embeddable":true,"href":"https:\/\/www.chuquihuara.com\/gva\/index.php?rest_route=%2Fwp%2Fv2%2Fcomments&post=2132"}],"version-history":[{"count":0,"href":"https:\/\/www.chuquihuara.com\/gva\/index.php?rest_route=\/wp\/v2\/pages\/2132\/revisions"}],"up":[{"embeddable":true,"href":"https:\/\/www.chuquihuara.com\/gva\/index.php?rest_route=\/wp\/v2\/pages\/2191"}],"wp:featuredmedia":[{"embeddable":true,"href":"https:\/\/www.chuquihuara.com\/gva\/index.php?rest_route=\/wp\/v2\/media\/2315"}],"wp:attachment":[{"href":"https:\/\/www.chuquihuara.com\/gva\/index.php?rest_route=%2Fwp%2Fv2%2Fmedia&parent=2132"}],"curies":[{"name":"wp","href":"https:\/\/api.w.org\/{rel}","templated":true}]}}